{"id":538,"date":"2020-09-20T21:33:00","date_gmt":"2020-09-20T19:33:00","guid":{"rendered":"https:\/\/lizardecology.org\/?page_id=538"},"modified":"2020-09-20T22:23:48","modified_gmt":"2020-09-20T20:23:48","slug":"blog-page","status":"publish","type":"page","link":"https:\/\/lizardecology.org\/?page_id=538","title":{"rendered":"News"},"content":{"rendered":"\n<div class=\"pt-cv-wrapper\"><div class=\"pt-cv-view pt-cv-grid pt-cv-colsys\" id=\"pt-cv-view-142698d1r3\"><div data-id=\"pt-cv-page-1\" class=\"pt-cv-page\" data-cvc=\"2\"><div class=\"col-md-6 col-sm-6 col-xs-12 pt-cv-content-item pt-cv-1-col\" ><div class='pt-cv-ifield'><a href=\"https:\/\/lizardecology.org\/?p=3736\" class=\"_self pt-cv-href-thumbnail pt-cv-thumb-default\" target=\"_self\" ><\/a>\n<h5 class=\"pt-cv-title\"><a href=\"https:\/\/lizardecology.org\/?p=3736\" class=\"_self\" target=\"_self\" >Contrat de Post-doctorat en \u00c9cologie thermique et Biologie de la Conservation (2 ans)<\/a><\/h5>\n<div class=\"pt-cv-content\">Nous recherchons un.e candidat.e pour le projet \u00ab\u00a0\u00c9cologie thermique au service de la conservation\u00a0: prise en compte des microclimats dans ...<br \/><div class=\"pt-cv-rmwrap\"><a href=\"https:\/\/lizardecology.org\/?p=3736\" class=\"_self pt-cv-readmore btn btn-success\" target=\"_self\">Read More<\/a><\/div><\/div>\n<div class=\"pt-cv-meta-fields\"><span class=\"entry-date\"> <time datetime=\"2026-04-02T22:47:40+02:00\">02\/04\/2026<\/time><\/span><span> \/ <\/span><span class=\"terms\"> <a href='https:\/\/lizardecology.org\/?cat=2' title='Uncategorized' class='pt-cv-tax-uncategorized'>Uncategorized<\/a><\/span><\/div><\/div><\/div>\n<div class=\"col-md-6 col-sm-6 col-xs-12 pt-cv-content-item pt-cv-1-col\" ><div class='pt-cv-ifield'><a href=\"https:\/\/lizardecology.org\/?p=3724\" class=\"_self pt-cv-href-thumbnail pt-cv-thumb-default\" target=\"_self\" ><img loading=\"lazy\" decoding=\"async\" width=\"300\" height=\"169\" src=\"https:\/\/lizardecology.org\/wp-content\/uploads\/2024\/02\/20220427_141403-300x169.jpg\" class=\"pt-cv-thumbnail\" alt=\"\" \/><\/a>\n<h5 class=\"pt-cv-title\"><a href=\"https:\/\/lizardecology.org\/?p=3724\" class=\"_self\" target=\"_self\" >Offre de stages de terrain et de laboratoire<\/a><\/h5>\n<div class=\"pt-cv-content\">Nous recherchons pour l\u2019\u00e9t\u00e9 2026 des \u00e9tudiant(e)s pour participer \u00e0 plusieurs protocoles de recherche effectu\u00e9s sur des populations semi-naturelles de ...<br \/><div class=\"pt-cv-rmwrap\"><a href=\"https:\/\/lizardecology.org\/?p=3724\" class=\"_self pt-cv-readmore btn btn-success\" target=\"_self\">Read More<\/a><\/div><\/div>\n<div class=\"pt-cv-meta-fields\"><span class=\"entry-date\"> <time datetime=\"2026-01-19T12:20:38+01:00\">19\/01\/2026<\/time><\/span><span> \/ <\/span><span class=\"terms\"> <a href='https:\/\/lizardecology.org\/?cat=2' title='Uncategorized' class='pt-cv-tax-uncategorized'>Uncategorized<\/a><\/span><\/div><\/div><\/div>\n<div class=\"col-md-6 col-sm-6 col-xs-12 pt-cv-content-item pt-cv-1-col\" ><div class='pt-cv-ifield'><a href=\"https:\/\/lizardecology.org\/?p=3705\" class=\"_self pt-cv-href-thumbnail pt-cv-thumb-default\" target=\"_self\" ><\/a>\n<h5 class=\"pt-cv-title\"><a href=\"https:\/\/lizardecology.org\/?p=3705\" class=\"_self\" target=\"_self\" >Offre de stage de M1 &#8211; Caract\u00e9risation initiale d\u2019une population de vip\u00e8res sur la R\u00e9serve Naturelle Nationale des Coteaux de la Seine<\/a><\/h5>\n<div class=\"pt-cv-content\">Le Plan National d\u2019Actions Vip\u00e8res de France hexagonale 2025-2030 pr\u00e9sente une strat\u00e9gie pour la conservation des vip\u00e8res incluant l\u2019am\u00e9lioration des ...<br \/><div class=\"pt-cv-rmwrap\"><a href=\"https:\/\/lizardecology.org\/?p=3705\" class=\"_self pt-cv-readmore btn btn-success\" target=\"_self\">Read More<\/a><\/div><\/div>\n<div class=\"pt-cv-meta-fields\"><span class=\"entry-date\"> <time datetime=\"2025-12-14T18:44:54+01:00\">14\/12\/2025<\/time><\/span><span> \/ <\/span><span class=\"terms\"> <a href='https:\/\/lizardecology.org\/?cat=2' title='Uncategorized' class='pt-cv-tax-uncategorized'>Uncategorized<\/a><\/span><\/div><\/div><\/div>\n<div class=\"col-md-6 col-sm-6 col-xs-12 pt-cv-content-item pt-cv-1-col\" ><div class='pt-cv-ifield'><a href=\"https:\/\/lizardecology.org\/?p=3700\" class=\"_self pt-cv-href-thumbnail pt-cv-thumb-default\" target=\"_self\" ><\/a>\n<h5 class=\"pt-cv-title\"><a href=\"https:\/\/lizardecology.org\/?p=3700\" class=\"_self\" target=\"_self\" >Offre de stage de M1 en \u00e9cologie des populations<\/a><\/h5>\n<div class=\"pt-cv-content\">Notre \u00e9quipe de recherche \u00e9tudie les traits fonctionnels d\u2019esp\u00e8ces de reptiles et leur implication dans la vuln\u00e9rabilit\u00e9 de ces organismes ...<br \/><div class=\"pt-cv-rmwrap\"><a href=\"https:\/\/lizardecology.org\/?p=3700\" class=\"_self pt-cv-readmore btn btn-success\" target=\"_self\">Read More<\/a><\/div><\/div>\n<div class=\"pt-cv-meta-fields\"><span class=\"entry-date\"> <time datetime=\"2025-10-15T21:57:43+02:00\">15\/10\/2025<\/time><\/span><span> \/ <\/span><span class=\"terms\"> <a href='https:\/\/lizardecology.org\/?cat=2' title='Uncategorized' class='pt-cv-tax-uncategorized'>Uncategorized<\/a><\/span><\/div><\/div><\/div>\n<div class=\"col-md-6 col-sm-6 col-xs-12 pt-cv-content-item pt-cv-1-col\" ><div class='pt-cv-ifield'><a href=\"https:\/\/lizardecology.org\/?p=3691\" class=\"_self pt-cv-href-thumbnail pt-cv-thumb-default\" target=\"_self\" ><\/a>\n<h5 class=\"pt-cv-title\"><a href=\"https:\/\/lizardecology.org\/?p=3691\" class=\"_self\" target=\"_self\" >Are the kids alright ?<\/a><\/h5>\n<div class=\"pt-cv-content\">Comment vont les enfants ? Une \u00e9tude des effets de la d\u00e9shydratation maternelle et des conditions thermiques sur les l\u00e9zards ...<br \/><div class=\"pt-cv-rmwrap\"><a href=\"https:\/\/lizardecology.org\/?p=3691\" class=\"_self pt-cv-readmore btn btn-success\" target=\"_self\">Read More<\/a><\/div><\/div>\n<div class=\"pt-cv-meta-fields\"><span class=\"entry-date\"> <time datetime=\"2025-10-05T22:20:26+02:00\">05\/10\/2025<\/time><\/span><span> \/ <\/span><span class=\"terms\"> <a href='https:\/\/lizardecology.org\/?cat=2' title='Uncategorized' class='pt-cv-tax-uncategorized'>Uncategorized<\/a><\/span><\/div><\/div><\/div>\n<div class=\"col-md-6 col-sm-6 col-xs-12 pt-cv-content-item pt-cv-1-col\" ><div class='pt-cv-ifield'><a href=\"https:\/\/lizardecology.org\/?p=3687\" class=\"_self pt-cv-href-thumbnail pt-cv-thumb-default\" target=\"_self\" ><\/a>\n<h5 class=\"pt-cv-title\"><a href=\"https:\/\/lizardecology.org\/?p=3687\" class=\"_self\" target=\"_self\" >Offre de stage de M2 sur la biologie des t\u00e9lom\u00e8res<\/a><\/h5>\n<div class=\"pt-cv-content\">Dans le cadre du suivi longitudinal d\u2019une population naturelle de l\u00e9zard vivipare, nous souhaitons examiner les liens entre longueur des ...<br \/><div class=\"pt-cv-rmwrap\"><a href=\"https:\/\/lizardecology.org\/?p=3687\" class=\"_self pt-cv-readmore btn btn-success\" target=\"_self\">Read More<\/a><\/div><\/div>\n<div class=\"pt-cv-meta-fields\"><span class=\"entry-date\"> <time datetime=\"2025-09-29T22:05:05+02:00\">29\/09\/2025<\/time><\/span><span> \/ <\/span><span class=\"terms\"> <a href='https:\/\/lizardecology.org\/?cat=2' title='Uncategorized' class='pt-cv-tax-uncategorized'>Uncategorized<\/a><\/span><\/div><\/div><\/div>\n<div class=\"col-md-6 col-sm-6 col-xs-12 pt-cv-content-item pt-cv-1-col\" ><div class='pt-cv-ifield'><a href=\"https:\/\/lizardecology.org\/?p=3681\" class=\"_self pt-cv-href-thumbnail pt-cv-thumb-default\" target=\"_self\" ><\/a>\n<h5 class=\"pt-cv-title\"><a href=\"https:\/\/lizardecology.org\/?p=3681\" class=\"_self\" target=\"_self\" >Offre de stage de M1 en biologie \u00e9volutive<\/a><\/h5>\n<div class=\"pt-cv-content\">Notre \u00e9quipe de recherche \u00e9tudie les traits fonctionnels d\u2019esp\u00e8ces de reptiles et leur implication dans la vuln\u00e9rabilit\u00e9 de ces organismes ...<br \/><div class=\"pt-cv-rmwrap\"><a href=\"https:\/\/lizardecology.org\/?p=3681\" class=\"_self pt-cv-readmore btn btn-success\" target=\"_self\">Read More<\/a><\/div><\/div>\n<div class=\"pt-cv-meta-fields\"><span class=\"entry-date\"> <time datetime=\"2025-09-29T22:00:07+02:00\">29\/09\/2025<\/time><\/span><span> \/ <\/span><span class=\"terms\"> <a href='https:\/\/lizardecology.org\/?cat=2' title='Uncategorized' class='pt-cv-tax-uncategorized'>Uncategorized<\/a><\/span><\/div><\/div><\/div>\n<div class=\"col-md-6 col-sm-6 col-xs-12 pt-cv-content-item pt-cv-1-col\" ><div class='pt-cv-ifield'><a href=\"https:\/\/lizardecology.org\/?p=3644\" class=\"_self pt-cv-href-thumbnail pt-cv-thumb-default\" target=\"_self\" ><\/a>\n<h5 class=\"pt-cv-title\"><a href=\"https:\/\/lizardecology.org\/?p=3644\" class=\"_self\" target=\"_self\" >Offre de th\u00e8se en \u00e9cologie comportementale avec Sandrine Meylan<\/a><\/h5>\n<div class=\"pt-cv-content\">Caract\u00e9risation des capacit\u00e9s cognitives d\u2019un reptile non-avien dans des conditions climatiques fluctuantes Dans ce projet dirig\u00e9 par Sandrine Meylan dans ...<br \/><div class=\"pt-cv-rmwrap\"><a href=\"https:\/\/lizardecology.org\/?p=3644\" class=\"_self pt-cv-readmore btn btn-success\" target=\"_self\">Read More<\/a><\/div><\/div>\n<div class=\"pt-cv-meta-fields\"><span class=\"entry-date\"> <time datetime=\"2025-03-27T21:15:37+01:00\">27\/03\/2025<\/time><\/span><span> \/ <\/span><span class=\"terms\"> <a href='https:\/\/lizardecology.org\/?cat=2' title='Uncategorized' class='pt-cv-tax-uncategorized'>Uncategorized<\/a><\/span><\/div><\/div><\/div>\n<div class=\"col-md-6 col-sm-6 col-xs-12 pt-cv-content-item pt-cv-1-col\" ><div class='pt-cv-ifield'><a href=\"https:\/\/lizardecology.org\/?p=3655\" class=\"_self pt-cv-href-thumbnail pt-cv-thumb-default\" target=\"_self\" ><\/a>\n<h5 class=\"pt-cv-title\"><a href=\"https:\/\/lizardecology.org\/?p=3655\" class=\"_self\" target=\"_self\" >Post-doctoral contract in Thermal Ecology and Conservation Biology<\/a><\/h5>\n<div class=\"pt-cv-content\">We are seeking a candidate for the project \"Thermal Ecology for Conservation: Considering Microclimates in Risk Analysis and Solution Evaluation\" ...<br \/><div class=\"pt-cv-rmwrap\"><a href=\"https:\/\/lizardecology.org\/?p=3655\" class=\"_self pt-cv-readmore btn btn-success\" target=\"_self\">Read More<\/a><\/div><\/div>\n<div class=\"pt-cv-meta-fields\"><span class=\"entry-date\"> <time datetime=\"2025-03-27T21:14:27+01:00\">27\/03\/2025<\/time><\/span><span> \/ <\/span><span class=\"terms\"> <a href='https:\/\/lizardecology.org\/?cat=2' title='Uncategorized' class='pt-cv-tax-uncategorized'>Uncategorized<\/a><\/span><\/div><\/div><\/div><\/div><\/div>\n<div class=\" pt-cv-pagination-wrapper\"><ul class=\"pt-cv-pagination pt-cv-ajax pagination\" data-totalpages=\"3\" data-currentpage=\"1\" data-sid=\"142698d1r3\" data-unid=\"\" data-isblock=\"\" data-postid=\"\"><li class=\"active\"><a href=\"#\">1<\/a><\/li>\n\t<li ><a class=\"\" href=\"https:\/\/lizardecology.org\/index.php\/?_page=2&#038;rest_route=%2Fwp%2Fv2%2Fpages%2F538\">2<\/a><\/li>\n\t<li ><a class=\"\" href=\"https:\/\/lizardecology.org\/index.php\/?_page=3&#038;rest_route=%2Fwp%2Fv2%2Fpages%2F538\">3<\/a><\/li>\n\t<li ><a class=\" \" href=\"https:\/\/lizardecology.org\/index.php\/?_page=2&#038;rest_route=%2Fwp%2Fv2%2Fpages%2F538\">&rsaquo;<\/a><\/li>\n\t<\/ul><img loading=\"lazy\" decoding=\"async\" width=\"15\" height=\"15\" class=\"pt-cv-spinner\" alt=\"Loading...\" src=\"data:image\/gif;base64,R0lGODlhDwAPALMPAMrKygwMDJOTkz09PZWVla+vr3p6euTk5M7OzuXl5TMzMwAAAJmZmWZmZszMzP\/\/\/yH\/C05FVFNDQVBFMi4wAwEAAAAh+QQFCgAPACwAAAAADwAPAAAEQvDJaZaZOIcV8iQK8VRX4iTYoAwZ4iCYoAjZ4RxejhVNoT+mRGP4cyF4Pp0N98sBGIBMEMOotl6YZ3S61Bmbkm4mAgAh+QQFCgAPACwAAAAADQANAAAENPDJSRSZeA418itN8QiK8BiLITVsFiyBBIoYqnoewAD4xPw9iY4XLGYSjkQR4UAUD45DLwIAIfkEBQoADwAsAAAAAA8ACQAABC\/wyVlamTi3nSdgwFNdhEJgTJoNyoB9ISYoQmdjiZPcj7EYCAeCF1gEDo4Dz2eIAAAh+QQFCgAPACwCAAAADQANAAAEM\/DJBxiYeLKdX3IJZT1FU0iIg2RNKx3OkZVnZ98ToRD4MyiDnkAh6BkNC0MvsAj0kMpHBAAh+QQFCgAPACwGAAAACQAPAAAEMDC59KpFDll73HkAA2wVY5KgiK5b0RRoI6MuzG6EQqCDMlSGheEhUAgqgUUAFRySIgAh+QQFCgAPACwCAAIADQANAAAEM\/DJKZNLND\/kkKaHc3xk+QAMYDKsiaqmZCxGVjSFFCxB1vwy2oOgIDxuucxAMTAJFAJNBAAh+QQFCgAPACwAAAYADwAJAAAEMNAs86q1yaWwwv2Ig0jUZx3OYa4XoRAfwADXoAwfo1+CIjyFRuEho60aSNYlOPxEAAAh+QQFCgAPACwAAAIADQANAAAENPA9s4y8+IUVcqaWJ4qEQozSoAzoIyhCK2NFU2SJk0hNnyEOhKR2AzAAj4Pj4GE4W0bkJQIAOw==\" \/><div class=\"clear pt-cv-clear-pagination\"><\/div><\/div><\/div>\n","protected":false},"excerpt":{"rendered":"","protected":false},"author":1,"featured_media":0,"parent":0,"menu_order":0,"comment_status":"closed","ping_status":"closed","template":"","meta":{"footnotes":""},"class_list":["post-538","page","type-page","status-publish","hentry","no-featured-image"],"_links":{"self":[{"href":"https:\/\/lizardecology.org\/index.php?rest_route=\/wp\/v2\/pages\/538","targetHints":{"allow":["GET"]}}],"collection":[{"href":"https:\/\/lizardecology.org\/index.php?rest_route=\/wp\/v2\/pages"}],"about":[{"href":"https:\/\/lizardecology.org\/index.php?rest_route=\/wp\/v2\/types\/page"}],"author":[{"embeddable":true,"href":"https:\/\/lizardecology.org\/index.php?rest_route=\/wp\/v2\/users\/1"}],"replies":[{"embeddable":true,"href":"https:\/\/lizardecology.org\/index.php?rest_route=%2Fwp%2Fv2%2Fcomments&post=538"}],"version-history":[{"count":15,"href":"https:\/\/lizardecology.org\/index.php?rest_route=\/wp\/v2\/pages\/538\/revisions"}],"predecessor-version":[{"id":569,"href":"https:\/\/lizardecology.org\/index.php?rest_route=\/wp\/v2\/pages\/538\/revisions\/569"}],"wp:attachment":[{"href":"https:\/\/lizardecology.org\/index.php?rest_route=%2Fwp%2Fv2%2Fmedia&parent=538"}],"curies":[{"name":"wp","href":"https:\/\/api.w.org\/{rel}","templated":true}]}}